{"id":2160,"date":"2026-02-09T08:28:46","date_gmt":"2026-02-09T08:28:46","guid":{"rendered":"https:\/\/cfora.fr\/?post_type=product&#038;p=2160"},"modified":"2026-03-28T08:39:07","modified_gmt":"2026-03-28T08:39:07","slug":"epson-tm-m30iii-152-wi-fi-bluetooth-model-black-eu","status":"publish","type":"product","link":"https:\/\/cfora.fr\/?product=epson-tm-m30iii-152-wi-fi-bluetooth-model-black-eu","title":{"rendered":"Imprimante caisse Epson"},"content":{"rendered":"<div data-section=\"overview\" data-sticky-header-anchor=\"overview\" class=\"tab-panel__section tab-panel__section--full-width js-tab-panel-section\">\n<div class=\"tab-panel__section-inner\">\n<div class=\"tab-panel__section-content\">\n<div class=\"product-overview\">\n<div class=\"product-overview-section\">\n<div class=\"product-overview__introText--neon\"><span style=\"color: #000000;\">Avec son design \u00e9l\u00e9gant et ultra-compact, dot\u00e9e d\u2019une multitude de fonctionnalit\u00e9s avanc\u00e9es, la TM-m30III est la combinaison parfaite entre mobilit\u00e9, connectivit\u00e9, fiabilit\u00e9 et facilit\u00e9 d\u2019utilisation. Permettant une impression de re\u00e7us \u00e9conomique et fiable dans tous les environnements dont l\u2019espace est restreint, elle est con\u00e7ue pour r\u00e9pondre aux besoins d\u2019un large \u00e9ventail d\u2019entreprises en plein essor.<\/span><\/div>\n<div class=\"product-overview__section\">\n<div class=\"product-overview__section-content\">\n<div class=\"product-overview__description product-overview__description--neon\">\n<div class=\"descrip-cols owl-carousel owl-loaded owl-drag\">\n<div class=\"owl-stage-outer\">\n<div class=\"owl-stage\">\n<div class=\"owl-item active\">\n<h6 class=\"paragraph1\"><span style=\"color: #000000;\">Il s\u2019agit du prix du loyer mensuel HT<\/span><\/h6>\n<\/div>\n<div class=\"owl-item active\">\n<div class=\"paragraph2\"><\/div>\n<\/div>\n<div class=\"owl-item active\">\n<div class=\"paragraph3\"><\/div>\n<\/div>\n<div class=\"owl-item active\">\n<div class=\"paragraph4\"><\/div>\n<\/div>\n<div class=\"owl-item\">\n<div class=\"paragraph5\"><\/div>\n<\/div>\n<div class=\"owl-item\">\n<div class=\"paragraph6\"><\/div>\n<\/div>\n<\/div>\n<\/div>\n<div class=\"owl-nav\"><\/div>\n<\/div>\n<\/div>\n<\/div>\n<\/div>\n<\/div>\n<\/div>\n<\/div>\n<\/div>\n<\/div>\n","protected":false},"excerpt":{"rendered":"<h4 class=\"buy-box__headline\"><span style=\"color: #000000;\">Imprimante de tickets ultra-compacte (sans fil)<\/span><\/h4>\n<div class=\"buy-box__key-features\">\n<div class=\"blockdown description\">\n<ul class=\"features\">\n<li><span style=\"color: #000000;\"><strong>Tout nouveau design \u00e9l\u00e9gant<\/strong>\u00a0Ultra-compacte, \u00e9l\u00e9gante, fiable et abordable<\/span><\/li>\n<li><span style=\"color: #000000;\"><strong>Connectivit\u00e9 mobile am\u00e9lior\u00e9e<\/strong>\u00a0Comprend un connecteur USB Type-C PD\u00a0; Wi-Fi et Bluetooth int\u00e9gr\u00e9s<\/span><\/li>\n<li><span style=\"color: #000000;\"><strong>Con\u00e7ue dans une optique d\u2019efficacit\u00e9<\/strong>\u00a0Comporte un d\u00e9tecteur de fin de rouleau et un m\u00e9canisme de redressement de papier sup\u00e9rieur<\/span><\/li>\n<li><span style=\"color: #000000;\"><strong>Con\u00e7ue pour les environnements difficiles<\/strong>\u00a0Protection IPX2 contre les liquides et traitement de surface antibact\u00e9rien<\/span><\/li>\n<li><span style=\"color: #000000;\"><strong>Compatibilit\u00e9 avec les plateformes \u00e9largie<\/strong>\u00a0D\u00e9sormais compatible avec Windows et Android, ainsi qu\u2019avec iOS<\/span><\/li>\n<\/ul>\n<\/div>\n<\/div>\n","protected":false},"featured_media":2362,"comment_status":"open","ping_status":"closed","template":"","meta":{"_seopress_robots_primary_cat":"none","_seopress_titles_title":"","_seopress_titles_desc":"","_seopress_robots_index":""},"product_brand":[],"product_cat":[24],"product_tag":[],"class_list":{"0":"post-2160","1":"product","2":"type-product","3":"status-publish","4":"has-post-thumbnail","6":"product_cat-impression","8":"first","9":"instock","10":"taxable","11":"shipping-taxable","12":"purchasable","13":"product-type-simple"},"jetpack_sharing_enabled":true,"_links":{"self":[{"href":"https:\/\/cfora.fr\/index.php?rest_route=\/wp\/v2\/product\/2160","targetHints":{"allow":["GET"]}}],"collection":[{"href":"https:\/\/cfora.fr\/index.php?rest_route=\/wp\/v2\/product"}],"about":[{"href":"https:\/\/cfora.fr\/index.php?rest_route=\/wp\/v2\/types\/product"}],"replies":[{"embeddable":true,"href":"https:\/\/cfora.fr\/index.php?rest_route=%2Fwp%2Fv2%2Fcomments&post=2160"}],"wp:featuredmedia":[{"embeddable":true,"href":"https:\/\/cfora.fr\/index.php?rest_route=\/wp\/v2\/media\/2362"}],"wp:attachment":[{"href":"https:\/\/cfora.fr\/index.php?rest_route=%2Fwp%2Fv2%2Fmedia&parent=2160"}],"wp:term":[{"taxonomy":"product_brand","embeddable":true,"href":"https:\/\/cfora.fr\/index.php?rest_route=%2Fwp%2Fv2%2Fproduct_brand&post=2160"},{"taxonomy":"product_cat","embeddable":true,"href":"https:\/\/cfora.fr\/index.php?rest_route=%2Fwp%2Fv2%2Fproduct_cat&post=2160"},{"taxonomy":"product_tag","embeddable":true,"href":"https:\/\/cfora.fr\/index.php?rest_route=%2Fwp%2Fv2%2Fproduct_tag&post=2160"}],"curies":[{"name":"wp","href":"https:\/\/api.w.org\/{rel}","templated":true}]}}